{"id":13,"date":"2015-10-15T13:48:39","date_gmt":"2015-10-15T13:48:39","guid":{"rendered":"http:\/\/wpoffice\/construction\/?page_id=2"},"modified":"2018-12-05T00:26:48","modified_gmt":"2018-12-04T23:26:48","slug":"projects","status":"publish","type":"page","link":"https:\/\/www.e-cocoon.be\/index.php\/projects\/","title":{"rendered":"R\u00e9alisations"},"content":{"rendered":"\n<style type=\"text\/css\" data-created_by=\"avia_inline_auto\" id=\"style-css-av-av_one_full-25347b0a799d5b9f7058434b2a9c3182\">\n.flex_column.av-av_one_full-25347b0a799d5b9f7058434b2a9c3182{\nborder-radius:0px 0px 0px 0px;\npadding:0px 0px 0px 0px;\n}\n<\/style>\n<div  class='flex_column av-av_one_full-25347b0a799d5b9f7058434b2a9c3182 av_one_full  avia-builder-el-0  avia-builder-el-no-sibling  first flex_column_div av-zero-column-padding  '     ><div  id=\"av-sc-portfolio-1\"  class=\"av-portfolio-grid-sorting-container\"><div class='sort_width_container  av-sort-yes' data-portfolio-id='1' ><div id='js_sort_items' ><div class='sort_by_cat '><a href=\"#\" data-filter=\"all_sort\" class=\"all_sort_button active_sort\"><span class=\"inner_sort_button\"><span>Tout<\/span><small class=\"av-cat-count\"> 7 <\/small><\/span><\/a><span class=\"text-sep chauffage_ind_sort_sep\">\/<\/span><a href=\"#\" data-filter=\"chauffage_ind_sort\" class=\"chauffage_ind_sort_button\" ><span class=\"inner_sort_button\"><span>Chauffage grande puissance<\/span><small class=\"av-cat-count\"> 1 <\/small><\/span><\/a><span class=\"text-sep pv_archi_sort_sep\">\/<\/span><a href=\"#\" data-filter=\"pv_archi_sort\" class=\"pv_archi_sort_button\" ><span class=\"inner_sort_button\"><span>Photovolta\u00efque architectural<\/span><small class=\"av-cat-count\"> 5 <\/small><\/span><\/a><span class=\"text-sep pv_ind_sort_sep\">\/<\/span><a href=\"#\" data-filter=\"pv_ind_sort\" class=\"pv_ind_sort_button\" ><span class=\"inner_sort_button\"><span>Photovolta\u00efque industriel<\/span><small class=\"av-cat-count\"> 3 <\/small><\/span><\/a><span class=\"text-sep pv_part_sort_sep\">\/<\/span><a href=\"#\" data-filter=\"pv_part_sort\" class=\"pv_part_sort_button\" ><span class=\"inner_sort_button\"><span>Photovolta\u00efque particuliers<\/span><small class=\"av-cat-count\"> 2 <\/small><\/span><\/a><\/div><\/div><\/div><div  class=' grid-sort-container isotope   no_margin-container with-excerpt-container grid-total-odd grid-col-1 grid-links-' data-portfolio-id='1'><div data-ajax-id='606' class='grid-entry flex_column isotope-item all_sort no_margin post-entry post-entry-606 grid-entry-overview grid-loop-1 grid-parity-odd  pv_archi_sort pv_ind_sort  av_fullwidth first special_av_fullwidth '><article class='main_color inner-entry'  itemscope=\"itemscope\" itemtype=\"https:\/\/schema.org\/CreativeWork\" ><div class=\"av_table_col first portfolio-entry grid-content\"><header class=\"entry-content-header\" aria-label=\"Portfolio: Carport photovolta\u00efque\"><h2 class='portfolio-grid-title entry-title '  itemprop=\"headline\" ><a href='https:\/\/www.e-cocoon.be\/index.php\/portfolio_item\/carport-photovoltaique-2\/'>Carport photovolta\u00efque<\/a><\/h2><\/header><div class=\"avia-arrow\"><\/div><\/div><div class=\"av_table_col portfolio-grid-image\"><a href=\"https:\/\/www.e-cocoon.be\/index.php\/portfolio_item\/carport-photovoltaique-2\/\" title='Carport photovolta\u00efque'  data-rel='grid-1' class='grid-image avia-hover-fx'> <img decoding=\"async\" fetchpriority=\"high\" width=\"1500\" height=\"630\" src=\"https:\/\/www.e-cocoon.be\/blog\/wp-content\/uploads\/2021\/02\/IMG_20200629_152056-1500x630.jpg\" class=\"wp-image-607 avia-img-lazy-loading-not-607 attachment-featured_large size-featured_large wp-post-image\" alt=\"\" \/><\/a><\/div><footer class=\"entry-footer\"><\/footer><\/article><\/div><div data-ajax-id='562' class='grid-entry flex_column isotope-item all_sort no_margin post-entry post-entry-562 grid-entry-overview grid-loop-2 grid-parity-even  pv_archi_sort pv_part_sort  av_fullwidth first special_av_fullwidth '><article class='main_color inner-entry'  itemscope=\"itemscope\" itemtype=\"https:\/\/schema.org\/CreativeWork\" ><div class=\"av_table_col first portfolio-entry grid-content\"><header class=\"entry-content-header\" aria-label=\"Portfolio: Abri de jardin photovolta\u00efque\"><h2 class='portfolio-grid-title entry-title '  itemprop=\"headline\" ><a href='https:\/\/www.e-cocoon.be\/index.php\/portfolio_item\/abri-de-jardin-photovoltaique\/'>Abri de jardin photovolta\u00efque<\/a><\/h2><\/header><div class=\"avia-arrow\"><\/div><\/div><div class=\"av_table_col portfolio-grid-image\"><a href=\"https:\/\/www.e-cocoon.be\/index.php\/portfolio_item\/abri-de-jardin-photovoltaique\/\" title='Abri de jardin photovolta\u00efque'  data-rel='grid-1' class='grid-image avia-hover-fx'> <img decoding=\"async\" fetchpriority=\"high\" width=\"1067\" height=\"600\" src=\"https:\/\/www.e-cocoon.be\/blog\/wp-content\/uploads\/2019\/06\/vignette_IMG_1074.jpg\" class=\"wp-image-551 avia-img-lazy-loading-not-551 attachment-featured_large size-featured_large wp-post-image\" alt=\"\" srcset=\"https:\/\/www.e-cocoon.be\/blog\/wp-content\/uploads\/2019\/06\/vignette_IMG_1074.jpg 1067w, https:\/\/www.e-cocoon.be\/blog\/wp-content\/uploads\/2019\/06\/vignette_IMG_1074-300x169.jpg 300w, https:\/\/www.e-cocoon.be\/blog\/wp-content\/uploads\/2019\/06\/vignette_IMG_1074-768x432.jpg 768w, https:\/\/www.e-cocoon.be\/blog\/wp-content\/uploads\/2019\/06\/vignette_IMG_1074-1024x576.jpg 1024w, https:\/\/www.e-cocoon.be\/blog\/wp-content\/uploads\/2019\/06\/vignette_IMG_1074-705x396.jpg 705w, https:\/\/www.e-cocoon.be\/blog\/wp-content\/uploads\/2019\/06\/vignette_IMG_1074-450x253.jpg 450w\" sizes=\"(max-width: 1067px) 100vw, 1067px\" \/><\/a><\/div><footer class=\"entry-footer\"><\/footer><\/article><\/div><div data-ajax-id='506' class='grid-entry flex_column isotope-item all_sort no_margin post-entry post-entry-506 grid-entry-overview grid-loop-3 grid-parity-odd  pv_archi_sort pv_part_sort  av_fullwidth first special_av_fullwidth '><article class='main_color inner-entry'  itemscope=\"itemscope\" itemtype=\"https:\/\/schema.org\/CreativeWork\" ><div class=\"av_table_col first portfolio-entry grid-content\"><header class=\"entry-content-header\" aria-label=\"Portfolio: Carport photovolta\u00efque\"><h2 class='portfolio-grid-title entry-title '  itemprop=\"headline\" ><a href='https:\/\/www.e-cocoon.be\/index.php\/portfolio_item\/carport-photovoltaique\/'>Carport photovolta\u00efque<\/a><\/h2><\/header><div class=\"avia-arrow\"><\/div><\/div><div class=\"av_table_col portfolio-grid-image\"><a href=\"https:\/\/www.e-cocoon.be\/index.php\/portfolio_item\/carport-photovoltaique\/\" title='Carport photovolta\u00efque'  data-rel='grid-1' class='grid-image avia-hover-fx'> <img decoding=\"async\" fetchpriority=\"high\" width=\"1500\" height=\"630\" src=\"https:\/\/www.e-cocoon.be\/blog\/wp-content\/uploads\/2019\/06\/slider_IMG_0972-1500x630.jpg\" class=\"wp-image-522 avia-img-lazy-loading-not-522 attachment-featured_large size-featured_large wp-post-image\" alt=\"\" \/><\/a><\/div><footer class=\"entry-footer\"><\/footer><\/article><\/div><div data-ajax-id='411' class='grid-entry flex_column isotope-item all_sort no_margin post-entry post-entry-411 grid-entry-overview grid-loop-4 grid-parity-even  pv_archi_sort pv_ind_sort  av_fullwidth first special_av_fullwidth '><article class='main_color inner-entry'  itemscope=\"itemscope\" itemtype=\"https:\/\/schema.org\/CreativeWork\" ><div class=\"av_table_col first portfolio-entry grid-content\"><header class=\"entry-content-header\" aria-label=\"Portfolio: Appelfabriek\"><h2 class='portfolio-grid-title entry-title '  itemprop=\"headline\" ><a href='https:\/\/www.e-cocoon.be\/index.php\/portfolio_item\/appelfabriek\/'>Appelfabriek<\/a><\/h2><\/header><div class=\"avia-arrow\"><\/div><\/div><div class=\"av_table_col portfolio-grid-image\"><a href=\"https:\/\/www.e-cocoon.be\/index.php\/portfolio_item\/appelfabriek\/\" title='Appelfabriek'  data-rel='grid-1' class='grid-image avia-hover-fx'> <img decoding=\"async\" fetchpriority=\"high\" width=\"1500\" height=\"630\" src=\"https:\/\/www.e-cocoon.be\/blog\/wp-content\/uploads\/2017\/05\/IMG_20170418_162756744_HDR-1500x630.jpg\" class=\"wp-image-413 avia-img-lazy-loading-not-413 attachment-featured_large size-featured_large wp-post-image\" alt=\"\" \/><\/a><\/div><footer class=\"entry-footer\"><\/footer><\/article><\/div><div data-ajax-id='103' class='grid-entry flex_column isotope-item all_sort no_margin post-entry post-entry-103 grid-entry-overview grid-loop-5 grid-parity-odd  pv_ind_sort  av_fullwidth first special_av_fullwidth '><article class='main_color inner-entry'  itemscope=\"itemscope\" itemtype=\"https:\/\/schema.org\/CreativeWork\" ><div class=\"av_table_col first portfolio-entry grid-content\"><header class=\"entry-content-header\" aria-label=\"Portfolio: Finition Metal\"><h2 class='portfolio-grid-title entry-title '  itemprop=\"headline\" ><a href='https:\/\/www.e-cocoon.be\/index.php\/portfolio_item\/project-2-modern-house\/'>Finition Metal<\/a><\/h2><\/header><div class=\"entry-content-wrapper\"><div class='grid-entry-excerpt entry-content'  itemprop=\"text\" >Installation photovolta\u00efque de 250 kWc sur diff\u00e9rentes toitures industrielles \u00e0 Ittre.<\/div><\/div><div class=\"avia-arrow\"><\/div><\/div><div class=\"av_table_col portfolio-grid-image\"><a href=\"https:\/\/www.e-cocoon.be\/index.php\/portfolio_item\/project-2-modern-house\/\" title='Finition Metal'  data-rel='grid-1' class='grid-image avia-hover-fx'> <img decoding=\"async\" fetchpriority=\"high\" width=\"1500\" height=\"630\" src=\"https:\/\/www.e-cocoon.be\/blog\/wp-content\/uploads\/2015\/10\/GSC-130709-22_crop_web-1500x630.jpg\" class=\"wp-image-314 avia-img-lazy-loading-not-314 attachment-featured_large size-featured_large wp-post-image\" alt=\"\" \/><\/a><\/div><footer class=\"entry-footer\"><\/footer><\/article><\/div><div data-ajax-id='94' class='grid-entry flex_column isotope-item all_sort no_margin post-entry post-entry-94 grid-entry-overview grid-loop-6 grid-parity-even  pv_archi_sort  av_fullwidth first special_av_fullwidth '><article class='main_color inner-entry'  itemscope=\"itemscope\" itemtype=\"https:\/\/schema.org\/CreativeWork\" ><div class=\"av_table_col first portfolio-entry grid-content\"><header class=\"entry-content-header\" aria-label=\"Portfolio: Bruxelles Environnement\"><h2 class='portfolio-grid-title entry-title '  itemprop=\"headline\" ><a href='https:\/\/www.e-cocoon.be\/index.php\/portfolio_item\/project-1-ibge\/'>Bruxelles Environnement<\/a><\/h2><\/header><div class=\"entry-content-wrapper\"><div class='grid-entry-excerpt entry-content'  itemprop=\"text\" >Sans doute la plus belle r\u00e9alisation photovolta\u00efque de Bruxelles sur le quartier g\u00e9n\u00e9ral de l'IBGE \u00e0 Tour et Taxis !<\/div><\/div><div class=\"avia-arrow\"><\/div><\/div><div class=\"av_table_col portfolio-grid-image\"><a href=\"https:\/\/www.e-cocoon.be\/index.php\/portfolio_item\/project-1-ibge\/\" title='Bruxelles Environnement'  data-rel='grid-1' class='grid-image avia-hover-fx'> <img decoding=\"async\" fetchpriority=\"high\" width=\"1500\" height=\"630\" src=\"https:\/\/www.e-cocoon.be\/blog\/wp-content\/uploads\/2015\/10\/Broodrooster-Leefmilieu-Brussel-4-1500x630.jpg\" class=\"wp-image-310 avia-img-lazy-loading-not-310 attachment-featured_large size-featured_large wp-post-image\" alt=\"\" \/><\/a><\/div><footer class=\"entry-footer\"><\/footer><\/article><\/div><div data-ajax-id='105' class='grid-entry flex_column isotope-item all_sort no_margin post-entry post-entry-105 grid-entry-overview grid-loop-7 grid-parity-odd  post-entry-last  chauffage_ind_sort  av_fullwidth first special_av_fullwidth '><article class='main_color inner-entry'  itemscope=\"itemscope\" itemtype=\"https:\/\/schema.org\/CreativeWork\" ><div class=\"av_table_col first portfolio-entry grid-content\"><header class=\"entry-content-header\" aria-label=\"Portfolio: BIA\"><h2 class='portfolio-grid-title entry-title '  itemprop=\"headline\" ><a href='https:\/\/www.e-cocoon.be\/index.php\/portfolio_item\/project-3-bia\/'>BIA<\/a><\/h2><\/header><div class=\"entry-content-wrapper\"><div class='grid-entry-excerpt entry-content'  itemprop=\"text\" >R\u00e9novation d'une chaufferie au mazout dans les bureaux BIA \u00e0 Overijse.<\/div><\/div><div class=\"avia-arrow\"><\/div><\/div><div class=\"av_table_col portfolio-grid-image\"><a href=\"https:\/\/www.e-cocoon.be\/index.php\/portfolio_item\/project-3-bia\/\" title='BIA'  data-rel='grid-1' class='grid-image avia-hover-fx'> <img decoding=\"async\" fetchpriority=\"high\" width=\"1500\" height=\"630\" src=\"https:\/\/www.e-cocoon.be\/blog\/wp-content\/uploads\/2015\/10\/IMG_20151211_122103517_web-1500x630.jpg\" class=\"wp-image-322 avia-img-lazy-loading-not-322 attachment-featured_large size-featured_large wp-post-image\" alt=\"\" \/><\/a><\/div><footer class=\"entry-footer\"><\/footer><\/article><\/div><\/div><\/div>   <!--   class=\"av-portfolio-grid-sorting-container\"  --><\/div>\n","protected":false},"excerpt":{"rendered":"","protected":false},"author":1,"featured_media":0,"parent":0,"menu_order":0,"comment_status":"closed","ping_status":"closed","template":"","meta":{"footnotes":""},"class_list":["post-13","page","type-page","status-publish","hentry"],"_links":{"self":[{"href":"https:\/\/www.e-cocoon.be\/index.php\/wp-json\/wp\/v2\/pages\/13"}],"collection":[{"href":"https:\/\/www.e-cocoon.be\/index.php\/wp-json\/wp\/v2\/pages"}],"about":[{"href":"https:\/\/www.e-cocoon.be\/index.php\/wp-json\/wp\/v2\/types\/page"}],"author":[{"embeddable":true,"href":"https:\/\/www.e-cocoon.be\/index.php\/wp-json\/wp\/v2\/users\/1"}],"replies":[{"embeddable":true,"href":"https:\/\/www.e-cocoon.be\/index.php\/wp-json\/wp\/v2\/comments?post=13"}],"version-history":[{"count":5,"href":"https:\/\/www.e-cocoon.be\/index.php\/wp-json\/wp\/v2\/pages\/13\/revisions"}],"predecessor-version":[{"id":478,"href":"https:\/\/www.e-cocoon.be\/index.php\/wp-json\/wp\/v2\/pages\/13\/revisions\/478"}],"wp:attachment":[{"href":"https:\/\/www.e-cocoon.be\/index.php\/wp-json\/wp\/v2\/media?parent=13"}],"curies":[{"name":"wp","href":"https:\/\/api.w.org\/{rel}","templated":true}]}}